4 = -504. What is the units digit of s?
1
Suppose o - 8 = -4*p + 5, 2*o = 10. Suppose p*v - 12 = -v. Suppose -676 = -v*y - 3*j + j, -2*j = 3*y - 505. What is the units digit of y?
1
Let q be (-224)/(-20) - 7/35. Let l(x) = -2 + 27*x**3 + q*x**2 + 12*x**2 - 20*x**2 - x. What is the tens digit of l(2)?
2
Let s = -89 + 354. Suppose 4*x = s + 215. What is the units digit of (x/28)/(6/42)?
0
Let w(i) = -2*i + 2. Let y be w(3). Let j be y/(-7) - (-12)/28. What is the units digit of j*(-1 - 7)*533/(-52)?
2
Suppose -5*y + 31633 = -4*w, 6*y + 2*w = 2*y + 25322. What is the hundreds digit of y?
3
Suppose -5 + 7 = -z. Let y(j) = -40*j**3 + j**2 - 2*j - 2. Let i be y(z). Suppose -47 = 3*m - i. What is the tens digit of m?
9
Suppose 30*q - 163142 = -13*q + 576501. What is the hundreds digit of q?
2
Let q be -2 + ((-24)/(-6) - 0). Let k(y) = 2*y**2 + 2*y - 4. Let i be k(9). Suppose q*g - 6*l - 100 = -l, 4*g - i = -2*l. What is the units digit of g?
5
Let v be (2/(-3) - 0) + (-150)/45. Let a be (200/15 + v)*(5 - -1). Let x = 69 - a. What is the units digit of x?
3
Let q = -796 + 852. Suppose 0 = -t - 51*a + q*a + 1218, a + 3682 = 3*t. What is the units digit of t?
8
Suppose -4*y - 3*p - 8 = -25, 3*p = 9. Let k = 428 + -392. Suppose r + y*r - k = 0. What is the tens digit of r?
1
Let w(g) = 2*g + 259. Let s = 68 - 68. Let l be w(s). Suppose -371 - l = -5*n. What is the hundreds digit of n?
1
Let l(a) = 11*a - 43. Let x be l(5). Suppose -x*w + 9*w = -360. Let d = w + -16. What is the tens digit of d?
0
Let h(j) be the second derivative of -2*j**5/15 + 19*j**4/12 - 5*j**3/2 - 14*j. Let w(f) be the second derivative of h(f). What is the tens digit of w(-6)?
3
Suppose -11934 = -13*b - 3990 + 5550. What is the units digit of b?
8
Let x(w) be the second derivative of w**3/2 - 19*w**2/2 + 7*w. Let l be x(5). What is the hundreds digit of 4*(l/26 + 1512/26)?
2
Let x(w) = 456*w**3 + 32*w - 93. What is the ten thousands digit of x(3)?
1
Suppose 3*w - 3*f - 5592 = 0, 156*w + 1852 = 157*w + 5*f. What is the hundreds digit of w?
8
Let p = 12554 - 4684. What is the tens digit of p?
7
Let y(u) = -2*u**2 + 10*u + 7. Let g be y(5). Let p be ((-4)/g)/(3/(-21)). What is the units digit of (24/(-5))/((-38)/2185) + p?
0
Let p(r) = -r**3 + 3*r**2 + 2*r + 25. Let b be p(5). What is the tens digit of 1/(b/(-10))*96/1?
6
Let a be (21/(-2))/(9/(-12)). Let p be (455/(-9))/(-5) - (-18)/(-162). Suppose 0 = a*l - p*l - 692. What is the hundreds digit of l?
1
What is the thousands digit of 0 + 8505 + 40/(-5)?
8
Suppose 3*m = 4*x + 2 + 14, 4*m - 2*x - 28 = 0. What is the tens digit of -1*(m/(-2) - -4) - -48?
4
Suppose -3*j - 74*n + 70*n = -1450, 5*n + 25 = 0. What is the units digit of j?
0
Suppose 0 = 4*a - 36 + 16. Suppose 3*z + 316 = -a*s - 0*z, -z - 192 = 3*s. Let w = s + 87. What is the units digit of w?
2
What is the thousands digit of 3047 - (-4 + 21 + -5)?
3
Let s(g) = -9*g**2 + 9*g - 9. Let y = -20 + 11. Let c(o) = 19*o**2 - 18*o + 17. Let h(d) = y*s(d) - 4*c(d). What is the tens digit of h(4)?
5
Let a(k) be the second derivative of 17*k**4/3 + k**3/3 - 3*k**2/2 + 30*k. Let z be ((-1)/(-2) + -1)/(33/(-132)). What is the units digit of a(z)?
3
Let p be -2*(-136 + 4/4). What is the tens digit of p/(-50)*860/(-6)?
7
Let h = 232 - 220. Suppose h*a = 1403 + 841. What is the hundreds digit of a?
1
Let f(x) = -x**3 - 18*x**2 + 9*x + 49. Suppose -2*j - 4*y - 34 = 0, -y + 1 = -0*y. What is the units digit of f(j)?
9
Let t(n) be the third derivative of -n**5/60 - 19*n**4/12 - 2*n**3 - 11*n**2. What is the hundreds digit of t(-22)?
3
Let z(b) = 53*b - 71*b + 905 - 19*b. What is the tens digit of z(0)?
0
Suppose -3*h + n + 8 = 0, -2*h - 2 = -0*h + 3*n. Suppose -5 = -h*b - 1. Suppose b*z - 149 = 193. What is the tens digit of z?
7
Let m = -252 + 260. Suppose -m*g + 5483 + 373 = 0. What is the units digit of g?
2
Suppose l - 10*i - 650 = -14*i, -5*l + i + 3229 = 0. Let k = 1712 - l. What is the thousands digit of k?
1
Let i be 12/16 - 621/(-4). Let u be (-6)/8*(-10 - (-6)/9). What is the tens digit of 5 - u - (-1 - i)?
5
Let p(b) = -5*b**2 - 251*b - 28. Let f be p(-37). Suppose f = 8*o - 1818. What is the units digit of o?
9
Let z = 160 - 157. Suppose -z*f = -t - 386, 3*t + 2 = 5*t. What is the hundreds digit of f?
1
Let n(x) = x**3 - 8*x**2 - 9*x + 5. Let d(a) = 2*a - 43. Let c be d(26). Let t be n(c). Suppose 345 = -t*p + 10*p. What is the units digit of p?
9
What is the units digit of -9620*(-12 - (-423)/36)?
5
Suppose 20*q = 78*q - 1697312. What is the tens digit of q?
6
Let u be ((-3)/(45/(-12)))/(12/(-60)). What is the units digit of -4 + (-334)/u - 3/6?
9
Let m = -72 + 72. Suppose 4*i = 5*x - m*x - 21, -3*i = 3*x + 9. What is the units digit of 25*(-12 + 15 - (-3)/x)?
0
Suppose 0 = 6*k - 24 - 12. Let a(x) = 38*x - 28. What is the tens digit of a(k)?
0
What is the tens digit of (21 + 428645)*2/20 + 14/35?
6
Let x(h) = 718*h + 22. Let v be x(11). Suppose -16*f - 2*f + v = 0. What is the units digit of f?
0
Suppose -238*b + 239*b = 1. What is the units digit of (-4)/2 - (-108 + b)?
5
Let m(z) = 3*z**2 + 6*z + 3. Let t be m(-2). Suppose t*b - b + g - 716 = 0, -4*b + 1432 = 4*g. What is the units digit of b?
8
Suppose -5*w + 5 = 0, 0 = -2*x + 5*x + w - 19. Let k be (4/x)/((-54)/(-405)). Suppose -2*d - k*p = -124, 12 - 2 = 5*p. What is the units digit of d?
7
Let l(k) = 5*k**2 - 10 + 38 - 15*k**2 - 10*k**2 - k**3 + 7*k. What is the tens digit of l(-22)?
4
Let k be 4 + -1 + 12 + -13. Let c be ((12/1)/k)/(4/(-14)). What is the units digit of c - -20 - 12*-3?
5
Let u = 45 + -45. Suppose u = x - 178 + 41. Let w = x + -1. What is the tens digit of w?
3
Let x be (2 + (-944)/10)*150/20. Let w = x - -1960. What is the tens digit of w?
6
Let c = 28221 - 14785. What is the ten thousands digit of c?
1
Suppose 11*w + 4420 = -9*w. What is the tens digit of (w/(-4))/(150/24 - 6)?
2
Let m = 9031 - -24400. What is the ten thousands digit of m?
3
Let k be 2/((-3 - -2)*-1). Suppose -k*c - 8 = 0, 7*c - 2804 = -3*r + 6*c. What is the hundreds digit of r?
9
Suppose 3*m = 2*t - 45917 - 43855, t = -4*m + 44919. What is the hundreds digit of t?
8
Let q be 0/((8/10)/((-22)/(-55))). Suppose q = 151*l - 153*l + 410. What is the tens digit of l?
0
Suppose 0 = -5*g - 5*q + 75905, 6*g - 24*q + 22*q = 91142. What is the units digit of g?
8
Suppose n - y + 6*y = 9553, n - 9577 = 3*y. What is the units digit of n?
8
Suppose 6*z - z - 3330 = 0. Let c = -439 + z. What is the tens digit of c?
2
Let i(p) = p**3 + 8*p**2 + 4. Let s be i(-8). Suppose -2*o - s*y + 794 = 0, 4*o - 5*o = -4*y - 421. What is the units digit of o?
5
Suppose -52 = 5*o - 2*r, -o = -5*o + 5*r - 45. Let h be (-160)/(((-4)/o)/(-2)). Suppose 4*u + h = 12*u. What is the units digit of u?
0
Let g = -10491 - -12520. What is the hundreds digit of g?
0
Suppose 0 = -22*s - s + 52555. Suppose -26*r + s = -21*r. What is the units digit of r?
7
Let q(t) = 4*t**2 + 57*t - 3548. What is the ten thousands digit of q(-113)?
4
Suppose 3*o = -2*s + 37, -o - 3*s - 2 + 5 = 0. Let k = o + 94. What is the units digit of k?
9
Let h be 1 + 1662 + -1*(-3 - -2). Suppose -l = -4*x - 232, -4*x = -5*l - 568 + h. What is the hundreds digit of l?
2
Suppose 5*s = 3*h + 117791, 2*s + 5*h - 27418 = 19655. What is the thousands digit of s?
3
Suppose -u + 4*k + 45 = 0, k - 40 = -2*u + 14. What is the hundreds digit of 174/u*(-118)/(-6)?
1
Let f = 28 - -13. Suppose -s - 56 = n, n + f = -5*s + s. Let l = 137 + n. What is the units digit of l?
6
Let a be (-265)/(-10) - 2/4. Let m = a - 23. Suppose 128 + 40 = m*d. What is the tens digit of d?
5
Suppose -145*m + 139*m + 30048 = 0. What is the hundreds digit of m?
0
Let k(w) = 2*w**3 + 2*w**2 + 37*w + 36. What is the units digit of k(19)?
9
Suppose 0 = 3*y + 5*r - 340, -6*y + y - 2*r = -573. Let f be 27/21 + (y/(-35) - -3). What is the units digit of 1*f/1*-1*-128?
8
Let g be (-3)/7 - (-6)/(210/85). Suppose 138 = g*s + 34. Suppose -56*f + s*f = -224. What is the tens digit of f?
5
Let f = -11574 - -31678. What is the units digit of f?
4
Let i be -1*1/(6 + -5). Let m be (310/(-30))/(i/(-3)). Let x(q) = q + 52. What is the units digit of x(m)?
1
Let n(w) = -26*w + 30. Let k be n(21). Let z = k - -956. What is the hundreds digit of z?
4
Let x be (